the first derivative of 6*y - 3/2*y**2 - 328. Determine l(i).
-6
Let z(u) = -3*u**3 + 4*u**2 + 4*u + 1. Let a be z(-1). Suppose -a*y - 86 = 39*y. Let w(n) = -n**3 - n**2 + n + 2. Calculate w(y).
4
Suppose 41*k = 53 + 275. Let i(u) = 2*u - 6. Let w(c) = 5*c - 17. Let s(o) = -7*i(o) + 2*w(o). Calculate s(k).
-24
Let n(d) = 4*d. Suppose -301*f + 304*f = 0. What is n(f)?
0
Let m(i) = 4*i**3 - 85*i**2 + 181*i + 113. Let g(q) = -q**3 + 28*q**2 - 60*q - 38. Let r(h) = -7*g(h) - 2*m(h). Determine r(-28).
-16
Let h(y) = y**2 - 2*y + 6. Let x(g) = -2*g**2 + g - 1. Let l(d) = -h(d) - 4*x(d). Suppose 4 - 14 = 10*n. Determine l(n).
7
Let g = -8103 - -8100. Let n(l) = -11*l - 6. Determine n(g).
27
Suppose 2*t + 86 - 112 = 0. Let i(y) = y**3 - 2*y + 19*y**2 - t*y**2 - y + 6. Give i(-6).
24
Suppose -19*a + v + 3 = -18*a, -5 = 5*v. Let t(q) = -30*q - 4. Calculate t(a).
-64
Let o = -2875 - -2878. Let p(t) be the first derivative of -6 - 3*t + 3*t**2 - 1/3*t**o. Determine p(2).
5
Let q(f) = -2*f + 6. Let c(a) = a - 5. Let n(l) = 6*c(l) + 5*q(l). Let v be ((-2 - 0 - 2) + -1)*-7. Let b be (-52)/14 - 0 - 10/v. Calculate n(b).
16
Let a(r) = -r + 11. Let j(p) = -87*p + 41. Let h be j(2). Let q = h + 148. What is a(q)?
-4
Let q(p) = -24*p + 2. Let z(f) = -2 + f + 10 - 13*f + 3 - 10. Let m(b) = 3*q(b) - 7*z(b). Determine m(-1).
-13
Suppose -4*i - 34 = -4*o - 10, -3*i - 12 = -o. Let b(a) be the second derivative of 0 + 1/2*a**2 - 1/4*a**4 + 3/20*a**5 + 0*a**o + 19*a. What is b(2)?
13
Let x(i) = 24*i + 103. Let g = -23717 - -23713. What is x(g)?
7
Let c(a) = 0*a - 2 - 7 + a. Let d = 261571 + -261562. Determine c(d).
0
Let d(j) be the first derivative of j**4/12 - j**3/2 - 7*j**2/2 - 5*j + 60. Let u(g) be the first derivative of d(g). Determine u(5).
3
Let z(t) = 4*t**2 + 0*t**2 - 3 - 2*t + t**2. Let q = 15933 + -15935. Give z(q).
21
Let f(l) = l**3 + 5*l**2 - 3*l - 5. Let o(n) = 15*n - 10*n + 44 - 2*n. Let k be o(-15). Let y = -6 - k. Determine f(y).
10
Let o(f) = -f**3 + 6*f**2 - 8*f + 6. Suppose 2*n = -19*n - 25 + 109. Give o(n).
6
Let a(q) be the third derivative of -5*q**4/24 + 17*q**3/2 + 2712*q**2. What is a(18)?
-39
Let i(s) = 17*s + 6. Let b = -703 + 699. Give i(b).
-62
Let d(p) = p**3 + 9*p**2 - p. Let s be d(-9). Suppose -2*q + s = u + 2*q, -3*u + 27 = -2*q. Let a(b) = b - 3*b + b - u + 3. Determine a(-6).
0
Suppose -4*a = 4*u + 20, -2*u = -2*a + u + 15. Let d be (12/24)/(a - 2/(-20)). Let k(g) = g**3 - 4*g**2 - g - 5. Calculate k(d).
15
Let s = -329 + 340. Let y(t) = -t**3 - 8*t**2 - 9*t - 9. Let k(p) = -p**3 + p**2 + p + 1. Let a(j) = 2*k(j) - y(j). Calculate a(s).
11
Let i(z) = -66*z + 125*z - 64*z + 26. What is i(3)?
11
Let q be -6 + (-8)/(72/(-99)). Let c(t) be the third derivative of 0 + 0*t + 5/6*t**3 - 1/3*t**4 + 19*t**2 + 1/60*t**q. What is c(8)?
5
Let a(q) = -q**3 + 52*q**2 + 9*q + 47. Let f(w) = 7*w**2 + w + 1. Let p(z) = a(z) - 7*f(z). Give p(5).
0
Let j(l) = -158*l + 922. Let q be j(6). Let h(u) = u**2 + 27*u + 20. What is h(q)?
-6
Let h(k) = 5*k + 32. Let y(q) = -q - 8. Let f(n) = -2*h(n) - 9*y(n). Let z = -247 - -243. Let g be (15/(-3) - -10) + (-4)/z. Determine f(g).
2
Let w = 270 - 130. Let t = -138 + w. Let v(a) = -3*a**2 - 2. Give v(t).
-14
Suppose -38 = -4*y + 2*h, -4*h - 9 = -3*y - 9*h. Suppose y*q = 12*q - 24. Let s(w) = 2*w - 15. Determine s(q).
-3
Let i(p) be the first derivative of p**4/4 + 5*p**3/3 + p**2/2 + 5*p - 1. Suppose 4460 + 4423 = -1937*c - 802. Calculate i(c).
0
Suppose 17 + 27 = -11*n. Let o(a) = -2*a**2 - 2*a + 9. Let g(x) = 2*x**2 + x - 7. Let t(c) = n*g(c) - 3*o(c). What is t(-2)?
-11
Let b(o) = 408*o - 817*o + 11 - 21 + 397*o. Give b(3).
-46
Suppose -4133*o = -4137*o + 12. Let w(j) = 4*j**2 - 13*j - 4. Give w(o).
-7
Let b(f) be the second derivative of -5*f**3/6 + 25*f**2 + 1157*f. Calculate b(10).
0
Let g(n) = -972700*n + 185 + 150 + 972715*n. Give g(-22).
5
Let j(l) = -17*l**2 + 28*l + 40. Let f(x) = -x**2 - x + 14. Let a(n) = -3*f(n) + j(n). Determine a(2).
4
Suppose -m = -5*o + 2920, -6*o = -o + 5*m - 2920. Let t = o - 585. Let x(k) = 17*k**3 + k**2 + k. Give x(t).
-17
Let o(d) = 12*d - 41. Let c be o(4). Let r be (4 + 3)*(-4)/c. Let v(g) = g**3 + 4*g**2 - g. Determine v(r).
4
Let c(x) = x**3 + 7*x**2 + 6*x + 2. Suppose 2*f = 7*f - 3*s - 196, 0 = s - 3. Suppose f*w = 39*w - 20. Let z(i) = -i - 16. Let l be z(w). What is c(l)?
2
Suppose -2*p + 4*n + 6 = 6*n, -5*p - 4*n = -14. Let m(i) = 58*i - 19*i - p - 38*i. Let q be (-4)/3*(-3)/(-2). What is m(q)?
-4
Let q(k) = 2*k**3 + 10*k**2 - 15*k - 12. Let x be q(-6). Let l(f) = -17*f + 5. Give l(x).
-97
Let a(s) = -s**2 - 6*s + 12. Let q(m) = -7*m + 83. Let t be q(13). Determine a(t).
-4
Let q(i) = 5*i**2 + 7*i + 6. Let t(p) = -29*p**2 - 41*p - 35. Let a(v) = -23*q(v) - 4*t(v). Give a(0).
2
Let b(s) be the first derivative of 19*s**2/2 - 478*s + 4270. Calculate b(25).
-3
Let f be 10*45/(-100)*(-56)/18. Let z(a) be the first derivative of -a**2/2 - a - 1. Give z(f).
-15
Let r(l) = l**2 - 10*l - 16. Let i be (-12)/20 - (-208)/80 - -4. Give r(i).
-40
Let d(q) = -442*q - 2650. Let z be d(-6). Let u(f) = -19*f + 36. Calculate u(z).
-2
Let j(v) = 3*v**3 - 3*v**2 - 8*v + 7. Let z(m) = -4*m**3 + 5*m**2 + 12*m - 11. Let t(u) = -7*j(u) - 5*z(u). Determine t(-3).
9
Let k(h) = 5*h - 47. Let o be -24*(-14)/(-84)*-3. Calculate k(o).
13
Let v(s) = 3*s - 3*s - 1 - 19*s**2. Let m be (-28)/42*141*1. Let z = m - -95. Determine v(z).
-20
Let k(o) = -o - 3. Let c(p) = 6*p + 5*p**3 + 42*p**2 + 1 - 47*p**2 - 7*p - 3*p**3 + 5*p. Let n be c(2). Give k(n).
-8
Suppose -70*y = 116*y - 27*y. Let r(x) = 14*x + 5. Determine r(y).
5
Let a = -80 - -82. Let b(w) = -1 + 3 + 29*w**3 - 28*w**3 + a + 3*w + 11*w**2 + 8*w. Determine b(-10).
-6
Let z(d) = -73*d + 50. Let u(l) = -15*l + 10. Let g(q) = -29*u(q) + 6*z(q). Let i = -6 - -10. Calculate g(i).
-2
Let h(v) = 5*v. Let i(j) = -j**3 - 7*j**2 - 12. Let t be i(-7). Let y be t/(-9) + 595/15. Let u = y - 39. Calculate h(u).
10
Let d(v) be the second derivative of v**4/3 - v**3/2 - 5*v**2/2 + 2592*v. Calculate d(4).
47
Suppose 0 - 56 = -8*x. Let f(q) = 2*q**2 - 7*q - 19. Let v be f(x). Let d(m) = v + m - 30. Give d(8).
8
Suppose 0 = 4*z + 4*w, 3*w = 15 - 6. Suppose 17 - 59 = -14*v. Let i(t) = 1 + 2*t**2 + t**v - 13*t**2 - 3*t**2 - 2*t + 15*t**2. What is i(z)?
-11
Let y = 835 + -833. Let i(m) = -1. Let r(z) = -z + 3. Let b(l) = 5*i(l) + r(l). What is b(y)?
-4
Suppose 48*h - 12 = 45*h. Let s(u) = -15*u**3 + 19*u**2 + 10*u - 9. Let r(t) = 7*t**3 - 9*t**2 - 5*t + 4. Let d(z) = -13*r(z) - 6*s(z). Give d(h).
6
Let o(y) = 2*y**3 - 5*y**2 + 2*y + 4. Suppose -121 - 272 = -69*z - 62*z. What is o(z)?
19
Let c be (-6 + 1)/(22 + -21) + 197. Let d be ((-20)/(-6))/(80/c). Let p(q) = -3*q + 18. Give p(d).
-6
Let u(o) = -1988 + 5960 + 3*o - 1988 - 1983. What is u(-2)?
-5
Let h(p) = -19*p + 75. Let d(s) = 16*s - 67. Let k(f) = -7*d(f) - 6*h(f). What is k(-9)?
1
Let v(s) be the third derivative of s**6/60 - 2*s**5/15 + s**4/12 + s**3/6 + s**2 + 1405*s - 2. Determine v(3).
-11
Let v(p) = -2*p**2 - 3*p. Let w be 3384/45 + (1/(-5) - 0). Suppose -w = 4*t - t. Let k = 21 + t. What is v(k)?
-20
Let v = -3581 - -3573. Let c(a) = -3*a - 9. Calculate c(v).
15
Let x(h) = 232*h - 175. Let s(a) = 157*a - 120. Let t(r) = 8*s(r) - 5*x(r). Determine t(1).
11
Let l be (3 - 2)*(-43 + 31). Let g(w) = 2*w + 15. Let z(b) = 1. Let a(o) = g(o) + 2*z(o). Give a(l).
-7
Let v(t) = 9*t**3 - 7*t + 5. Let p(k) = -2 - 4*k**3 - 13*k + 27*k - 11*k. Let l(u) = -7*p(u) - 3*v(u). Give l(0).
-1
Let g(f) = f - 12. Let p be (-12)/(-96) + 2/(-16)*17. Let v be -6*p*6/18 + -13. Calculate g(v).
-21
Let d(z) = -33*z**3 - 27*z**2 - 36*z - 1. Let i(u) = 4*u**3 + u - 4. Let n(c) = -d(c) - 8*i(c). What is n(-26)?
-19
Let o(q) be the first derivative of 2*q**2 + 5*q - 3. Suppose 318 = -4*l + 294. Let r(k) = 5*k + 5. Let z(u) = l*o(u) + 5*r(u). Determine z(6).
1
Suppose 6*b = 66 - 78. Let c(u) = 511*u**2 + 0*u - u - 2*u - 3 - 503*u**2. What is c(b)?
35
Let v(w) = w + 2. Suppose -2*d - 148 - 2 = 2*b, 0 = -2*d + 3*b - 175. Let x = 85 + d. Calculate v(x).
7
Let y(s) = -s**3 + 12*s**2 - 2*s + 15. Let l(p) = -7*p**2 + 60*p + 300. Let k be l(12). Determine y(k).
-9
Suppose 0 = 5*a - w + 29, 5 + 6 = -a - 5*w. Let k be -10*(21/a + 3).